
Calculate the highest common divisor of 11285 and 1036451.
61
What is the highest common factor of 2457300 and 372?
12
What is the highest common divisor of 1271754 and 165?
33
Calculate the highest common divisor of 259 and 8121792.
7
Calculate the highest common factor of 6913 and 2230171.
31
Calculate the highest common factor of 90701655 and 9.
3
What is the highest common divisor of 9392551 and 2261?
119
Calculate the highest common factor of 15204 and 251771.
181
Calculate the greatest common divisor of 251232 and 112416.
96
Calculate the highest common divisor of 4494 and 564639.
321
Calculate the greatest common factor of 138 and 1131150.
6
What is the highest common factor of 230877 and 119?
17
What is the highest common divisor of 19978984 and 8?
8
Calculate the greatest common factor of 1668 and 30933894.
834
Calculate the greatest common factor of 3028588 and 779.
41
What is the highest common factor of 2540104 and 31892?
1876
Calculate the greatest common divisor of 3770 and 770510.
130
Calculate the greatest common divisor of 4166720 and 696.
232
What is the highest common factor of 9 and 563271?
3
Calculate the greatest common factor of 11044888 and 16.
8
What is the greatest common factor of 1770 and 10604778?
354
Calculate the greatest common divisor of 9164957 and 1943.
29
Calculate the greatest common factor of 7260748 and 16544.
2068
Calculate the greatest common factor of 3980 and 2276185880.
3980
What is the greatest common divisor of 121617 and 5679?
9
Calculate the highest common divisor of 3756 and 241133322.
1878
Calculate the highest common factor of 55777 and 17182597.
3281
What is the greatest common divisor of 2608 and 2254942?
326
Calculate the greatest common divisor of 377 and 2840869.
29
Calculate the highest common divisor of 9276600 and 160.
40
What is the highest common divisor of 364 and 324451036?
364
What is the highest common divisor of 9312 and 24856056?
2328
What is the highest common divisor of 73321 and 78451?
19
What is the greatest common divisor of 149 and 1332556021?
149
What is the greatest common factor of 10962 and 3768858?
18
Calculate the greatest common divisor of 2890 and 719440.
170
Calculate the highest common factor of 200282 and 536555.
239
Calculate the greatest common divisor of 136052 and 280102.
86
What is the highest common divisor of 532872614 and 386?
386
Calculate the highest common divisor of 3306 and 2404020714.
3306
What is the highest common factor of 882 and 123822?
18
Calculate the greatest common divisor of 18 and 11742446.
2
Calculate the greatest common divisor of 20039587 and 179.
179
What is the greatest common divisor of 2163 and 95964894?
309
What is the highest common factor of 1666 and 312222?
34
What is the highest common factor of 2363684074 and 12622?
12622
What is the greatest common factor of 79 and 1238406133?
79
What is the greatest common factor of 837367601 and 46?
23
What is the highest common divisor of 60704974 and 3662?
3662
Calculate the greatest common factor of 3727394 and 3784.
22
What is the greatest common divisor of 939 and 254902818?
939
Calculate the greatest common factor of 6435024 and 48348.
948
Calculate the greatest common divisor of 24882432 and 1536.
768
Calculate the highest common divisor of 165395902 and 56.
14
Calculate the greatest common factor of 623 and 54566701.
623
Calculate the greatest common divisor of 14013 and 38070.
81
Calculate the highest common divisor of 92794 and 663585.
1079
What is the highest common divisor of 423 and 95031?
9
What is the highest common divisor of 917 and 2076599?
7
Calculate the greatest common factor of 148 and 3859951.
37
Calculate the highest common factor of 115139 and 47433.
97
What is the greatest common divisor of 744 and 105212512?
248
What is the highest common divisor of 220 and 257181595?
55
What is the greatest common divisor of 9013058 and 3612?
86
What is the greatest common factor of 3181 and 159781630?
3181
What is the greatest common factor of 911697755 and 13795?
13795
Calculate the greatest common factor of 5301450 and 70950.
1650
Calculate the highest common divisor of 20393460 and 20064.
228
What is the highest common factor of 1374 and 11899756?
458
What is the greatest common divisor of 13221000 and 427500?
4500
Calculate the greatest common factor of 5840 and 27693840.
80
What is the greatest common divisor of 7120 and 19905?
5
Calculate the greatest common divisor of 1568 and 2022496.
224
Calculate the highest common divisor of 59247580 and 7.
7
What is the greatest common factor of 37532887 and 5541?
1847
What is the highest common divisor of 2228530 and 18190?
170
What is the highest common factor of 1469345 and 1065?
355
What is the greatest common factor of 1560 and 11555466?
78
Calculate the highest common factor of 9512 and 2172440924.
4756
Calculate the greatest common divisor of 7660137 and 3.
3
What is the highest common factor of 1452 and 668492?
44
Calculate the highest common factor of 2297444 and 212.
212
Calculate the highest common divisor of 4182 and 3850228.
1394
What is the greatest common factor of 849934223 and 3813?
1271
Calculate the highest common divisor of 1491 and 678838881.
1491
What is the greatest common divisor of 41471 and 133221?
367
What is the highest common divisor of 283108 and 5572?
28
What is the highest common factor of 146185 and 1479842?
2249
What is the greatest common divisor of 443 and 73361243?
443
What is the highest common divisor of 6075 and 369975?
75
What is the greatest common divisor of 336253400 and 2605?
2605
Calculate the highest common factor of 5597037 and 72.
9
Calculate the greatest common divisor of 340 and 36140.
20
Calculate the greatest common factor of 43785 and 252357.
21
What is the highest common divisor of 241911160 and 20200?
4040
What is the greatest common divisor of 704 and 14511552?
704
What is the highest common factor of 388 and 134916?
4
What is the greatest common factor of 34584 and 7701672?
264
What is the highest common divisor of 136 and 6988088?
136
Calculate the greatest common factor of 499596165 and 1017.
1017
Calculate the greatest common divisor of 125879 and 325312.
299
Calculate the greatest common factor of 1691732 and 279.
31
Calculate the greatest common divisor of 3602 and 83996839.
1801
What is the highest common divisor of 175467608 and 136?
136
Calculate the highest common factor of 644184 and 41768.
184
Calculate the greatest common factor of 93566 and 75086.
22
Calculate the greatest common divisor of 63837 and 323362777.
7093
What is the highest common divisor of 3028 and 23236115?
757
Calculate the greatest common divisor of 156255576 and 8.
8
Calculate the greatest common factor of 634064 and 1978.
46
What is the highest common divisor of 378 and 982116?
18
Calculate the greatest common factor of 81581 and 76521.
23
What is the highest common divisor of 60 and 1048020?
60
Calculate the greatest common divisor of 10252640 and 51430.
1390
What is the greatest common factor of 595197932 and 317?
317
What is the highest common divisor of 86246406 and 106909?
9719
Calculate the highest common factor of 449092 and 45150.
602
Calculate the greatest common divisor of 38720 and 1757008.
176
What is the greatest common divisor of 92 and 119475938?
46
What is the greatest common divisor of 451075 and 480?
5
What is the greatest common divisor of 414 and 1949687?
23
What is the highest common divisor of 122595 and 145?
5
What is the greatest common divisor of 29764 and 28091?
7
Calculate the greatest common divisor of 15762 and 8165.
71
What is the greatest common factor of 879375 and 123200?
175
Calculate the greatest common divisor of 940170 and 37510.
1210
What is the greatest common divisor of 96 and 3413868?
12
What is the highest common factor of 302432 and 5376?
32
Calculate the highest common factor of 385 and 10244850.
385
What is the highest common divisor of 62088 and 4036188?
156
Calculate the greatest common divisor of 76814 and 12736.
398
What is the highest common divisor of 261 and 63885927?
87
What is the greatest common divisor of 111952220 and 3839?
349
What is the highest common factor of 1987828 and 649?
59
What is the greatest common divisor of 18993886